t of p?
7
Let x(z) = z**2 + 3*z - 3. Let w(b) = -2*b - 4. Let f be w(-3). Suppose -f*g = -3*g + 2. What is the units digit of x(g)?
7
Let l(y) = y. Let q be l(1). Let a(w) = 27*w + 1. What is the tens digit of a(q)?
2
Let w(g) = 11*g**2 + 2*g - 1. Let p be w(-2). Suppose 121 = 5*n - p. What is the tens digit of n?
3
Let p = 0 + 3. Suppose -h - 2 + p = 0. What is the units digit of h?
1
Let m(u) = -u**3 - 5*u**2 + 6*u + 13. What is the units digit of m(-6)?
3
Let d = -173 + 283. Suppose 5*j - d = 25. What is the units digit of j?
7
What is the units digit of 2 - (-11 - (2 - 3))?
2
Let k(b) be the third derivative of -b**5/120 + b**4/2 - b**3/6 - b**2. Let z(g) be the first derivative of k(g). What is the units digit of z(5)?
7
Let z be (0/1)/((-1)/1). Suppose z = -t - 3*w, -w - 73 = -5*t - 25. What is the units digit of t?
9
Suppose -16*k + 13*k + 711 = 0. What is the hundreds digit of k?
2
Let w = 8 + -6. Suppose k = -m + 2*m + 1, -5*m = -w*k + 17. What is the units digit of (0 + -16)*k/8?
8
Let n be (-9)/(-6) + (-1)/(-2). Suppose 98 = n*y + y - 2*a, 2*a = 4*y - 128. Suppose -2*x = 3*x - y. What is the units digit of x?
6
Suppose 0 = 4*i - 7*i + 3. Let y = -6 - -11. What is the units digit of (y/10)/(i/2)?
1
Let b(p) = 5*p**2 + 2*p - 2 + 5*p - 6*p**2. What is the units digit of b(5)?
8
Suppose 13*g + 500 - 2957 = 0. What is the tens digit of g?
8
Suppose 3 + 1 = 2*m. Suppose -m*i + 45 = i. What is the units digit of i?
5
Let a be (5 - 3)*2*1. Suppose -3*t = a*k + 2*t + 17, -1 = 2*k + t. Suppose 0 = -5*d + 3 + k. What is the units digit of d?
1
Suppose 2*i = 3*h - 2, -h + 0*h = 0. Let z(k) be the first derivative of 10*k**3/3 - k**2/2 - k + 5. What is the tens digit of z(i)?
1
Suppose m + 2*m = 171. What is the units digit of m?
7
Let u(q) = 5*q + 4. What is the tens digit of u(5)?
2
What is the tens digit of 183/3 - (-6)/2?
6
Let s(h) = 6*h**2 + h + 1. What is the tens digit of s(-2)?
2
Let j = -108 - -147. What is the tens digit of j?
3
Let c(g) = g - 3. Let w(x) = x**2 + 7*x - 5. Let m be w(-7). Let d be c(m). Let n = d + 17. What is the units digit of n?
9
Suppose 4*b + 3*k - 58 = 2*k, 22 = 2*b + 4*k. Suppose 0*l + b = l. What is the units digit of l?
5
Suppose 4*t = 4*z + 28, -2*t + 2*z = z - 12. Let i = -4 - -9. What is the units digit of 4/t*i/2?
2
Let s(v) = -v**3 - 6*v**2 + 2*v + 6. Let g be s(-5). Let n = g - -42. What is the tens digit of n?
1
Let m = 6 - 8. Let q(s) = -4*s - 5. What is the units digit of q(m)?
3
Let a(t) = 54*t**3 + t**2 - t. Let n be a(1). Suppose 0 = 4*l - 7*l + n. What is the tens digit of l?
1
Let c(k) be the first derivative of k**2/2 + 3*k - 3. Let f be c(0). Suppose 5*s - 2 = f. What is the units digit of s?
1
Let o = -117 + 196. What is the units digit of o?
9
Suppose 7 = 2*g - 5*c + 21, 0 = -g - 5*c + 8. Let p(o) = -2*o**3 - o**2 + o + 2. What is the tens digit of p(g)?
1
Let m be (-4)/(-16) + 25/(-4). What is the units digit of (-51)/m*2 - 1?
6
Suppose -5*m = -4*m. Suppose m = o - 4. What is the units digit of o?
4
Let w be -3 - 1 - (-1 - 2). What is the units digit of ((-1)/w - 3)*-18?
6
Let y = 192 + -109. What is the units digit of y?
3
Suppose -3*j - 3*i - 22 = 2, -3*i = -j - 4. Let d(n) = -n**2 - 9*n + 5. What is the units digit of d(j)?
9
Let h = 22 - 1. Suppose -o = -2*z - 5*o + 14, 0 = z - 5*o - h. What is the units digit of z?
1
Let y(i) = i**3 - 2*i**2 - 12*i + 4. What is the hundreds digit of y(7)?
1
Let l be 3/((30/4)/5). Suppose l*x - 3 = x. What is the units digit of 17 - -3 - 1 - x?
6
Let i be (-66)/9*(-3)/2. Let j = i - 6. Suppose 3*b = -3*w - 3, -4*b - j = w + 11. What is the units digit of w?
4
Let h be (-58)/(-4)*2 + 1. Suppose 0 = 2*m - 5*m + h. What is the tens digit of m?
1
Suppose 17 = 4*l - 23. What is the tens digit of l?
1
Suppose 0 = 3*l - 3, 5*l - 98 = 5*q - 33. Let y = q + 37. Suppose -y = -5*n - 5. What is the units digit of n?
4
Suppose 0 = -0*m + 8*m - 1840. What is the hundreds digit of m?
2
Suppose -4*i = -5*r - 1, 0*i + 2*i - 3*r - 1 = 0. Suppose -2*c = c - 3. What is the units digit of (i + -2 + 8)*c?
5
Let z(f) = 3*f - 1. Let m be z(2). Let a be 0 + 5 + 6/(-3). Suppose 14 = -n + m*p + 41, -a*n + 2*p + 16 = 0. What is the units digit of n?
2
Suppose 0*g - g = -33. What is the units digit of 4/22 + 159/g?
5
Let i be 0*(1 - (1 - -1)). Suppose i = -2*l - 4 + 6. What is the units digit of l?
1
What is the units digit of 1/(-1*(12/(-436))/3)?
9
Suppose -3*k - 2*k = -15. Suppose -k*i - 3*a + 7 + 2 = 0, -i - 2*a = 1. What is the units digit of i?
7
Suppose -8*m = -3*m - 1035. What is the hundreds digit of m?
2
Suppose 6*x = 5*x + 111. What is the units digit of x?
1
Let p(r) = -r**3 - 5*r**2 + 6*r + 9. Let y be p(-6). Let u = y - -9. What is the units digit of u?
8
Let q = 17 + -12. Suppose 0*h + q*d = 5*h, -d + 2 = 0. Suppose -4*j + 34 - h = 0. What is the units digit of j?
8
Suppose 5 = 2*o - 39. What is the units digit of o?
2
Suppose -4*s + 16 = 4*a, -5*s = 2*a - 0*a - 17. Suppose -o = -0*o - a. What is the units digit of o?
1
Let l = -68 + 140. What is the units digit of l?
2
Let f(l) = -2*l + 9. Let h(n) = -2*n + 9. Let d(i) = 6*f(i) - 7*h(i). Let y be (-2)/(-1) + -1 + 5. What is the units digit of d(y)?
3
Suppose 4*u = 2*t + 6, 2*t - 9 = -5*u + 3. Suppose 0 = u*w - w - 5. What is the units digit of w?
5
What is the units digit of ((-551)/38)/(2/(-36))?
1
Suppose 2*y = -5*j + 5, -3*y + 3 = 3*j + 2*y. What is the units digit of j*1/(2 + -1)?
1
Let w(y) = y**3 - 2*y**2 - 2*y + 3. Let x be w(-3). Let a be 4/14 + x/(-21). Suppose -5*g + a*g + 33 = 0. What is the tens digit of g?
1
What is the units digit of (-76)/(-1)*(-21)/(-12)?
3
Suppose 3 = -2*v + 9. Let d = 2 - 4. Let i = v + d. What is the units digit of i?
1
What is the hundreds digit of (-78)/(-15)*-50*(-4)/8?
1
Suppose 0*w + w = 12. What is the units digit of ((-99)/27)/((-2)/w)?
2
Let v = -8 + 8. Let l(u) = u + 4. Let d be l(v). Suppose -d = w - 8. What is the units digit of w?
4
Suppose 2*z = -0*z + 68. What is the units digit of z?
4
Let n be 1 + 1 + (-1 - 0). Let h(l) = -20*l**3 + 10*l**3 + l**2 + 11*l**3. What is the units digit of h(n)?
2
Suppose -4000 = -16*g - 0*g. What is the hundreds digit of g?
2
Suppose -27 - 33 = -2*a. Let f = a - 15. What is the tens digit of f?
1
What is the tens digit of (-12)/18 + 2/(6/317)?
0
Let j(y) = -y**2 - 12*y - 4. What is the tens digit of j(-8)?
2
Let f(u) = -u + 5. Let b be f(-8). Suppose -26 = -i - 5*z, 2*i + z = -b + 65. What is the units digit of i?
6
Suppose -4*n - 1 = -37. Suppose 67 = 4*z - n. What is the tens digit of z?
1
Suppose -6*l + 4*l = -36. What is the tens digit of l?
1
Let g(d) = -6*d**3 + d**2 - 8*d - 3. Let f(j) = j**3 + j**2 + j. Let b(u) = -5*f(u) - g(u). Let n be b(5). Let m = n - -17. What is the tens digit of m?
1
Let c = 116 - 74. What is the tens digit of c?
4
Let m = 8 - 20. What is the tens digit of ((-16)/6)/2*m?
1
What is the tens digit of (1/5 - 7/10)*-106?
5
Suppose -y = -3*y. Let f = -10 - -9. What is the units digit of 7/(f - y - -2)?
7
Suppose -2*r + 1 - 17 = -3*z, 0 = 2*z + 3*r + 11. Suppose x = -2*j - 1, -3 = -2*x - z*j - j. What is the units digit of x?
9
What is the units digit of 1/5 + 852/15?
7
Let u be (3 + 10/(-4))*2. Let i(d) = 9*d. What is the units digit of i(u)?
9
Suppose -5*w = -0*w - 620. Suppose 0*i - w = -4*i. Suppose i - 111 = -5*g. What is the tens digit of g?
1
Let l(z) = 5*z + 2*z + 1 - 9*z. What is the units digit of l(-2)?
5
Suppose 3*r + 5*d = -14, 0*r = -r - d - 2. Suppose r*x + i + 26 = 3*x, 3*i + 20 = x. What is the tens digit of x?
2
Let x = -69 - -160. What is the tens digit of x?
9
Suppose 0 = -2*v - k + 179, 6 = 2*k - 0. What is the tens digit of v?
8
Let p(y) = -y**3 - 6*y**2 - y + 3. Let b be p(-6). Let f be 21/3*(-6)/(-7). Let h = b - f. What is the units digit of h?
3
Let d(z) = 5*z**3 - 11*z**2 - 14. Let p(m) = -m**3 + 2*m**2 + 3. Let u(h) = 2*d(h) + 11*p(h). Let t be (-2 - 2*-1)/(-1). What is the units digit of u(t)?
5
Let s(g) = -g**2 + 8*g. What is the units digit of s(7)?
7
Suppose 5*u - 5*t = -10*t + 25, -5*t = 3*u - 13. What is the tens digit of 112/u + (-4)/6?
1
Let s = 58 - 6. What is the tens digit of s?
5
Let k be (24/(-20))/((-2)/5). Let w = k - 2. What is the units digit of 19 + (-5 - (w 